s divided by c(2)?
33
Calculate the remainder when 216 is divided by 1/(-8 - 5930/(-740)).
68
Let i(s) = 2*s**2 + 2*s - 11. Suppose 7*m - 135 = 4*m. Suppose 4*x = -6*p + p + m, -x = 5*p - 30. What is the remainder when i(x) is divided by 13?
10
Suppose -322 = -5*a - 2*b, 8*a - 6*a = -b + 129. Calculate the remainder when 1023 is divided by a.
63
Suppose 21 + 4 = 5*x. Suppose -s = -0*s - 4*q - 8, -x*s - 2*q = 26. Calculate the remainder when (-192)/(-30)*(-10)/s is divided by 6.
4
What is the remainder when 403 is divided by 5*24/30 + 134?
127
Let o = -840 + 847. Calculate the remainder when 515 is divided by o.
4
Let w(v) = 11*v**2 + 1. Let d(j) = -j + 89. What is the remainder when d(30) is divided by w(-1)?
11
Suppose -20*x + 21*x = -2*p + 121, p - 2*x - 58 = 0. What is the remainder when 117 is divided by p?
57
Suppose 3 - 8 = -z. Suppose 5*m = z*u + 120, 23 = 3*m - u - 59. What is the remainder when m is divided by 11?
7
Suppose 37 = 3*q - 74. Let w = -30 - -65. Let d = -25 + w. What is the remainder when q is divided by d?
7
Let p(q) = 2*q**3 - 3*q**2 - 4*q - 1. Let k be p(3). Let w = 22 - k. Calculate the remainder when w is divided by 2.
0
Suppose -5*n + 0*n = -535. Let t = n - 44. Suppose 0*q - t = -3*q. Calculate the remainder when 41 is divided by q.
20
Suppose 4*y + 3*a - 33 = 0, -2*y + 8 = 2*a - 6. What is the remainder when 17 is divided by y?
5
Let l = -131 - -145. Calculate the remainder when 133 is divided by l.
7
Suppose -12*p + 3978 = 27*p. Calculate the remainder when 303 is divided by p.
99
Let j = 873 - 858. What is the remainder when 1197 is divided by j?
12
Let a = -33 + 58. Let x = -25 + a. Calculate the remainder when 58 is divided by 180/6*(1 + x).
28
What is the remainder when 3*(36080/(-30))/(-8) is divided by 51?
43
Suppose 2*i + 3*q - 66 = 0, 0*q + 182 = 5*i - q. Suppose p + 5*t - 69 = 0, -5*p + 3*t + 345 = -0*t. What is the remainder when p is divided by i?
33
Let p = 4066 + -4063. Suppose -3*b + u = -0 - 5, -14 = -2*b - 2*u. What is the remainder when p is divided by b?
0
Suppose 5*t + 2*v - 90 = 3*v, 4*t = 4*v + 88. Suppose -g = 4*q - 29, -q - 23 = -2*g + t. What is the remainder when g is divided by 12?
9
Suppose 0 = 15*q - 25*q + 230. What is the remainder when q is divided by 13?
10
Let q(a) = a**3 - 7*a**2 - 8*a + 11. Calculate the remainder when 171 is divided by q(8).
6
Let d be (-2 + 16/12)/((-1)/21). Suppose -d*r = -4*r - 760. Calculate the remainder when r is divided by 28.
20
Suppose -50 + 13 = -g. Suppose -k = 7*k - 80. What is the remainder when g is divided by k?
7
Suppose -4*p = 3*o - 197, -2*o - 72 = -p - 9. What is the remainder when p is divided by 20?
13
Let u(o) = 29*o - 10. Let v be u(6). Suppose 3*j + b = -198, 3*j + v = b - 40. Let t = j - -115. Calculate the remainder when t is divided by 25.
23
Suppose 400 = 126*d + 89*d - 4545. Suppose -3*h + 4 = -2*h, -4*x - 5*h + 40 = 0. What is the remainder when d is divided by x?
3
Let o = -35 + 173. What is the remainder when o is divided by 14?
12
Suppose 0 = 14*c - 18*c + 748. What is the remainder when c is divided by 27?
25
Let z(f) = -33*f + 72. Calculate the remainder when 567 is divided by z(2).
3
Suppose 3*j + 0*x - 332 = 2*x, 0 = 5*j - 2*x - 552. What is the remainder when j is divided by (-1110)/(-40) + (-5)/(-20)?
26
Suppose -3*o - 300 = -4*a, -5*a - 24 + 399 = 3*o. Suppose 7*n + 12 = a. Calculate the remainder when 69 is divided by n.
6
Calculate the remainder when (5 + -4)*(77 + -8) is divided by 30.
9
Let n(z) = 6*z**2 + 13*z + 34. What is the remainder when 136 is divided by n(-3)?
38
Let w(a) = -a**3 + 37*a**2 - 20. Let q(n) = n**3 - 38*n**2 + 20. Let k(v) = -3*q(v) - 4*w(v). Calculate the remainder when 73 is divided by k(34).
13
Let o(q) = 15*q + 210. What is the remainder when 125 is divided by o(-12)?
5
Suppose 4*l + 50 = 6*l. Suppose -h = 5, m - 13*h + 11*h = 24. What is the remainder when l is divided by m?
11
Suppose h - 5*h = 0. Suppose h*p = -3*p - 2*g + 135, 2*p + 3*g = 95. Let y = -24 - -33. Calculate the remainder when p is divided by y.
7
Let w(u) = -4*u - 23. Let j(o) = -4*o + 20. Let n be j(8). Calculate the remainder when 48 is divided by w(n).
23
Let x = 430 - 321. What is the remainder when x is divided by 13?
5
Let z(n) = 2*n**3 - 14*n**2 + 3*n - 5. Let w be z(8). Let o = -80 + w. Calculate the remainder when o is divided by 14.
11
Let f(j) = -j - 49. Let a(v) = -12. Let l(w) = -9*a(w) + 2*f(w). Let b be l(5). Suppose -3*m + b*m = -6. Calculate the remainder when 5 is divided by m.
1
Let l be 2/4*-1 + 10/4. Calculate the remainder when (15 - l/(-1))/(-4)*-8 is divided by 13.
8
Let v(g) = 17*g - 109. Calculate the remainder when v(12) is divided by 8.
7
Suppose -35 = -5*z + q, q = -3*z + 19 - 6. Let v be -7*4/(-8)*-2. Let b = -4 - v. Calculate the remainder when z is divided by b.
0
Calculate the remainder when 177 is divided by 3*(5 + 2) - 9.
9
Suppose 0 = 4*n + 3*s - 218 - 76, -n = -2*s - 68. What is the remainder when n is divided by 13?
7
Let t = 89 + -44. Let p = -1274 + 1361. What is the remainder when p is divided by t?
42
What is the remainder when (136/12)/((-2)/(-6)) is divided by 54/45*70/6?
6
Let l be (-12)/(-4 + 0) - 3. Let h be l + 0 + (-12)/2. Calculate the remainder when (5/(-2))/(3/h) is divided by 4.
1
Let v = 45 + 32. Let f = 9 - 9. Suppose 0 = 4*k - 2*z - 98, f = -3*k + 3*z + z + 66. What is the remainder when v is divided by k?
25
Let o(p) = -14*p - 145. What is the remainder when 519 is divided by o(-11)?
6
Suppose -2*k + 4*d = 3*d - 288, 0 = -3*k + 2*d + 434. What is the remainder when k is divided by 77?
65
What is the remainder when 36/96 + (-5585)/(-40) + -3 is divided by 84?
53
Suppose 11*m - 14 - 8 = 0. Suppose 0 = m*i + 11 - 67. Calculate the remainder when 195 is divided by i.
27
Let q(c) = 2*c**2 + c. Suppose -4*x + 4*j = 4, 0*x - 4*j + 28 = 4*x. What is the remainder when x is divided by q(-1)?
0
Let q = 5 + 9. Suppose 0 = -7*u + 5*u + 1278. What is the remainder when (-1 - (-7)/4) + u/12 is divided by q?
12
Suppose -3*l + 7*l = -o + 7, 5*l - 2*o = 25. Suppose 5*i + 161 = 4*h, h - 114 = -2*h - l*i. Calculate the remainder when h is divided by 20.
19
Suppose 28*y = 19*y + 1440. What is the remainder when y is divided by 69?
22
Suppose -n + 130 = 3*f, 6*n - 92 = -2*f + 4*n. What is the remainder when 79 is divided by f?
37
Let n(d) = 50*d + 1. What is the remainder when n(1) is divided by 9?
6
Suppose 0 = -v - 2*f + 198, 2*v + 4*f - 398 = -f. Calculate the remainder when v is divided by 49.
47
Suppose -2*o = -h - 64, 146 = 5*o + 5*h - 4*h. Let k(y) = -58*y - 1. What is the remainder when k(-2) is divided by o?
25
Let s(n) = 86*n + 693. Calculate the remainder when s(-6) is divided by 102.
75
Suppose 7*u = 5*u. Suppose -t + c + 6 = t, 4*c + 16 = u. Suppose 11 + 11 = -v - 5*k, -24 = -3*v + 3*k. Calculate the remainder when v is divided by t.
0
What is the remainder when (-5)/(5/(-597)) + (-208)/52 is divided by 66?
65
Suppose 0 = -3*j - g + 262, -100 = 4*g - 80. What is the remainder when 352 is divided by j?
85
Let q = 26 - 19. Calculate the remainder when 55 is divided by (q/21)/((-1)/(-42)).
13
Let o = 68 - 69. Let y(w) = 18*w**2 + 3*w + 1. Calculate the remainder when 29 is divided by y(o).
13
Let g be (3 - 2)*-3 + -23. What is the remainder when 6/12 - (-118)/8*2 is divided by (-6)/(-9)*(-2 - g)?
14
Suppose -83 = 4*p - 555. What is the remainder when p is divided by 20?
18
Let h = 172 + -70. What is the remainder when 1426 is divided by h?
100
Let b be 0/(-4 - -3) - -1. Let f(q) = 9*q**2 + 25*q**3 - q - 9*q**2 + 1. Calculate the remainder when f(b) is divided by 14.
11
What is the remainder when ((-116)/(-7))/((-124)/(-434)) is divided by 34?
24
Let z = -3 - 5. What is the remainder when (-1215)/(-60)*2*z/(-6) is divided by 14?
12
Let t = -69 + 199. What is the remainder when t is divided by 67?
63
Let y(u) = -4 + 22*u + 21*u - 39*u. Let j be y(9). Suppose 44 = 2*x - j. What is the remainder when 151 is divided by x?
37
Let q(j) = 45*j**3 + j**2 - 5*j + 4. Calculate the remainder when 539 is divided by q(1).
44
Suppose -4*g + 3*i + 184 = 2*i, -g + 5*i = -46. Let d = g - 22. What is the remainder when d is divided by 13?
11
Let f(n) = n**3 - 11*n**2 - 15*n + 8. Suppose 9*j - 12